t 1000 (base 2) to base 3.
22
What is 4 (base 14) in base 10?
4
663 (base 7) to base 3
110120
31 (base 9) to base 12
24
What is 72 (base 15) in base 16?
6b
What is 100001 (base 2) in base 13?
27
101 (base 2) to base 14
5
What is 10 (base 3) in base 9?
3
Convert -227 (base 9) to base 12.
-137
What is -2 (base 7) in base 2?
-10
Convert 11010 (base 2) to base 12.
22
What is -5 (base 16) in base 8?
-5
-41 (base 7) to base 2
-11101
Convert 3 (base 14) to base 13.
3
10202 (base 4) to base 5
2130
What is -15 (base 10) in base 9?
-16
Convert -51 (base 6) to base 13.
-25
What is -1 (base 12) in base 7?
-1
What is 1110 (base 3) in base 8?
47
Convert -2a (base 11) to base 15.
-22
-145 (base 9) to base 15
-82
What is -33 (base 7) in base 9?
-26
What is -74 (base 13) in base 6?
-235
-7 (base 10) to base 11
-7
Convert -12 (base 8) to base 9.
-11
What is -7 (base 16) in base 5?
-12
Convert 0 (base 16) to base 10.
0
What is -104 (base 11) in base 12?
-a5
What is -27 (base 13) in base 15?
-23
Convert -6 (base 9) to base 5.
-11
Convert -120 (base 3) to base 13.
-12
Convert 5 (base 13) to base 3.
12
What is -22 (base 4) in base 7?
-13
What is 6 (base 16) in base 4?
12
-12 (base 10) to base 14
-c
What is -3 (base 12) in base 13?
-3
What is -1b (base 13) in base 14?
-1a
Convert -222 (base 3) to base 10.
-26
Convert -5a (base 15) to base 5.
-320
What is 0 (base 12) in base 16?
0
-1 (base 12) to base 8
-1
25 (base 12) to base 10
29
What is 3 (base 4) in base 12?
3
Convert -16 (base 10) to base 6.
-24
-2 (base 8) to base 9
-2
3 (base 12) to base 6
3
Convert 3d (base 15) to base 14.
42
44 (base 13) to base 5
211
-34 (base 8) to base 10
-28
What is 101001000 (base 2) in base 8?
510
Convert -7 (base 15) to base 14.
-7
1 (base 8) to base 9
1
Convert -114 (base 6) to base 13.
-37
What is -3 (base 13) in base 15?
-3
1010 (base 2) to base 16
a
Convert 201 (base 4) to base 10.
33
a9 (base 15) to base 7
315
Convert 3 (base 16) to base 12.
3
Convert -30 (base 7) to base 3.
-210
Convert -9 (base 15) to base 5.
-14
Convert 8 (base 10) to base 15.
8
Convert -2 (base 5) to base 10.
-2
What is 11 (base 10) in base 4?
23
4 (base 14) to base 15
4
What is -5 (base 10) in base 11?
-5
-1 (base 3) to base 15
-1
Convert 3f (base 16) to base 15.
43
-1 (base 6) to base 7
-1
Convert -2 (base 15) to base 3.
-2
What is -10 (base 5) in base 12?
-5
Convert -323 (base 4) to base 14.
-43
41 (base 11) to base 6
113
What is 10a (base 14) in base 8?
316
What is 0 (base 13) in base 8?
0
Convert 253 (base 7) to base 5.
1021
Convert -100001 (base 3) to base 11.
-202
-11111 (base 2) to base 7
-43
What is -2 (base 9) in base 3?
-2
Convert 19 (base 12) to base 6.
33
What is 200 (base 3) in base 11?
17
Convert -b (base 13) to base 14.
-b
24 (base 5) to base 14
10
e (base 16) to base 10
14
1 (base 3) to base 10
1
What is -2b (base 15) in base 10?
-41
What is -3 (base 11) in base 16?
-3
Convert -4 (base 15) to base 5.
-4
What is 5 (base 13) in base 16?
5
Convert -2 (base 10) to base 12.
-2
Convert -130 (base 5) to base 15.
-2a
Convert 1 (base 13) to base 14.
1
101 (base 2) to base 10
5
What is -12 (base 7) in base 9?
-10
What is -18 (base 14) in base 3?
-211
Convert -45 (base 7) to base 11.
-30
300 (base 5) to base 15
50
What is 114 (base 5) in base 7?
46
Convert 1 (base 3) to base 15.
1
Convert -3 (base 14) to base 3.
-10
Convert 14 (base 16) to base 5.
40
-5 (base 9) to base 7
-5
What is 4 (base 15) in base 11?
4
What is -19 (base 10) in base 14?
-15
Convert 2 (base 7) to base 8.
2
Convert 28 (base 10) to base 2.
11100
111 (base 5) to base 6
51
1 (base 3) to base 10
1
2033 (base 5) to base 13
178
What is 1000 (base 2) in base 7?
11
What is -fc (base 16) in base 11?
-20a
Convert -15 (base 6) to base 10.
-11
What is 11 (base 3) in base 14?
4
Convert c7 (base 15) to base 12.
137
65 (base 7) to base 6
115
-5 (base 13) to base 16
-5
-10 (base 4) to base 14
-4
What is -10 (base 11) in base 14?
-b
Convert 2 (base 7) to base 3.
2
-11000011 (base 2) to base 8
-303
1320 (base 4) to base 9
143
What is -11 (base 8) in base 3?
-100
What is -d (base 14) in base 10?
-13
Convert b (base 12) to base 13.
b
30 (base 6) to base 2
10010
What is 33 (base 7) in base 16?
18
What is -1 (base 13) in base 16?
-1
What is 11 (base 11) in base 5?
22
10 (base 4) to base 13
4
1131 (base 4) to base 13
72
-6 (base 8) to base 11
-6
-11101 (base 2) to base 14
-21
1 (base 9) to base 10
1
What is -3 (base 12) in base 9?
-3
Convert 2 (base 6) to base 9.
2
What is -2210 (base 5) in base 12?
-215
What is -1 (base 4) in base 5?
-1
a (base 16) to base 5
20
68 (base 13) to base 14
62
Convert 57 (base 14) to base 16.
4d
Convert -433 (base 5) to base 10.
-118
-4 (base 7) to base 13
-4
What is 1 (base 5) in base 13?
1
What is -2 (base 5) in base 12?
-2
What is 3b (base 16) in base 5?
214
What is -28 (base 14) in base 7?
-51
-11 (base 16) to base 2
-10001
What is 288 (base 11) in base 3?
110112
1010111 (base 2) to base 11
7a
Convert 111101 (base 3) to base 5.
2421
Convert 15 (base 8) to base 2.
1101
-23 (base 6) to base 15
-10
2021 (base 3) to base 14
45
-1001 (base 2) to base 14
-9
What is -1 (base 5) in base 16?
-1
-5 (base 6) to base 2
-101
What is -2 (base 12) in base 4?
-2
-22 (base 5) to base 3
-110
Convert -119 (base 11) to base 8.
-215
Convert -3 (base 12) to base 7.
-3
Convert -10011100 (base 2) to base 8.
-234
-1 (base 8) to base 4
-1
What is -110100 (base 2) in base 13?
-40
Convert -1001 (base 2) to base 7.
-12
What is -20 (base 8) in base 3?
-121
1 (base 8) to base 13
1
What is 111 (base 7) in base 13?
45
2 (base 4) to base 10
2
111110 (base 2) to base 8
76
What is a9 (base 11) in base 3?
11102
-301 (base 5) to base 7
-136
1 (base 8) to base 9
1
What is -52 (base 7) in base 12?
-31
Convert 121 (base 4) to base 8.
31
-6 (base 15) to base 13
-6
11 (base 3) to base 5
4
What is 0 (base 11) in base 16?
0
What is -d (base 15) in base 6?
-21
What is 0 (base 8) in base 6?
0
-3200 (base 4) to base 13
-143
Convert 2 (base 4) to base 2.
10
2 (base 15) to base 16
2
What is 1 (base 13) in base 7?
1
What is 3 (base 4) in base 11?
3
1011 (base 3) to base 5
111
What is -30 (base 6) in base 15?
-13
Convert 126 (base 15) to base 7.
522
Convert -1 (base 10) to base 14.
-1
Convert -22 (base 4) to base 10.
-10
-14 (base 7) to base 15
-b
Convert 1030 (base 5) to base 2.
10001100
What is 60 (base 7) in base 16?
2a
What is -1 (base 8) in base 16?
-1
-12001 (base 3) to base 12
-b4
-4 (base 11) to base 7
-4
-1101 (base 6) to base 3
-100101
Convert 123 (base 4) to base 10.
27
Convert -62 (base 11) to base 9.
-75
56 (base 10) to base 5
211
Convert 200 (base 6) to base 3.
2200
What is 1b (base 13) in base 4?
120
What is -7 (base 11) in base 5?
-12
41 (base 5) to base 11
1a
What is -1001 (base 2) in base 8?
-11
Convert 1100 (base 2) to base 10.
12
What is -48 (base 14) in base 12?
-54
-15 (base 6) to base 11
-10
Convert f (base 16) to base 12.
13
Convert 156 (base 9) to base 15.
8c
0 (base 5) to base 9
0
Convert -2311 (base 4) to base 16.
-b5
What is -331 (base 5) in base 15?
-61
What is 141 (base 6) in base 4?
331
What is 5 (base 11) in base 2?
101
-3 (base 7) to base 2
-11
Convert 311 (base 4) to base 9.
58
What is -4 (base 5) in base 7?
-4
Convert -69 (base 13) to base 2.
-1010111
What is c (base 16) in base 5?
22
Convert 102 (base 7) to base 2.
110011
Convert 4 (base 10) to base 16.
4
-206 (base 7) to base 13
-80
Convert 3 (base 15) to base 16.
3
What is 2 (base 15) in base 14?
2
What is 10 (base 3) in base 4?
3
-1022 (base 4) to base 11
-68
1 (base 15) to base 8
1
-22 (base 12) to base 2
-11010
Convert -1302 (base 5) to base 13.
-127
What is 16 (base 12) in base 13?
15
What is -34 (base 6) in base 4?
-112
What is 14 (base 6) in base 15?
a
What is 2 (base 12) in base 10?
2
22 (base 12) to base 3
222
What is 1440 (base 5) in base 3?
100002
4 (base 12) to base 3
11
10000000 (base 2) to base 8
200
What is 4a (base 11) in base 16?
36
What is 2 (base 9) in base 13?
2
Convert -7 (base 14) to base 9.
-7
-9 (base 16) to base 5
-14
Convert -7 (base 16) to base 3.
-21
What is -171 (base 9) in base 16?
-91
1112 (base 3) to base 7
56
2 (base 6) to base 8
2
Convert -2 (base 15) to base 2.
-10
What is -1 (base 15) in base 2?
-1
What is 2 (base 14) in base 7?
2
What is -114 (ba